hat is the units digit of u(-7)?
0
Suppose -5*i = 2*t - 5*t + 2, 4 = t. Suppose -3*z + 3 + 3 = 0. Suppose -z + 96 = i*o. What is the tens digit of o?
4
Let q = -7 + 7. Let a(h) = 2 + 0*h + 2*h + q - 4 + 37*h**2. What is the tens digit of a(1)?
3
Let u(y) = -2 + 4 - 8*y + 7*y. Let m be u(-5). What is the units digit of m - (-3 + 3 + -2)?
9
Let v(l) be the first derivative of -l**5/60 - 5*l**4/24 + 2*l**3/3 + 3*l**2 + 1. Let m(t) be the second derivative of v(t). What is the units digit of m(-3)?
0
Let v = -97 - -57. Let o = -29 - v. What is the units digit of o?
1
Let i = -45 + 47. What is the tens digit of 675/10 + i/4?
6
Suppose -8*k - 4 = -9*k. Suppose 5*w + 3*g = 648, k*g + 544 = 7*w - 3*w. What is the units digit of w?
2
Let j(o) = -11*o**3 + 1. Let w(f) = f - 11. Let d be w(9). What is the units digit of j(d)?
9
Let c(n) = 491*n + 15. What is the hundreds digit of c(1)?
5
Let n be 3 - (-8)/(-2) - 0. What is the units digit of (n/4)/(7/(-49))*16?
8
What is the hundreds digit of (2 - (-81 - 3))*(-2)/(-1)?
1
Let s be (-275)/33*(-6)/2. Let q(y) = -y**3 + 3*y**2 + y - 2. Let p be q(4). Let u = s + p. What is the units digit of u?
1
Let m be 26*((-6)/(-4) - -1). Let r = 516 - 382. Let f = r - m. What is the tens digit of f?
6
Let v = -3 - -8. Let h(x) = -x**3 + 6*x**2 - 6*x + 3. Let g be h(v). Let a = g + 44. What is the tens digit of a?
4
Suppose -31*q + 230 = -26*q. Suppose 2*a - q = -4. What is the units digit of a?
1
Let s = -3 + -19. Let z = -16 - s. Suppose -196 = -z*u + 2*u. What is the units digit of u?
9
Let f be ((-2)/(-5))/(1/10). Suppose f*i - 3 - 9 = 0. What is the units digit of (-2)/i*1098/(-12)?
1
Let w(h) = h**3 + 6*h**2 + 4*h + 4. Let v(r) = -r - 5. Let d be v(-7). Suppose d*j + 3*j + 20 = 0. What is the tens digit of w(j)?
2
Suppose 4*x - 2971 = 11*v - 10*v, -x + 2*v = -741. What is the hundreds digit of x?
7
Suppose -3*h - 3*l = -28 - 8, 2*l - 9 = -h. Suppose -13*x + h*x - 98 = 0. Suppose -4*a + 84 = -5*b, -x = -5*a - b + 27. What is the tens digit of a?
1
Let g(h) = 3*h - 3. Let v(w) = 15 - 3*w - 7*w - 4*w. Let a(p) = -11*g(p) - 2*v(p). What is the units digit of a(-2)?
3
Suppose 0 = -5*t - 5*v + 8275, 0 = -64*v + 68*v + 8. What is the hundreds digit of t?
6
Let w(i) = 0*i**2 - 8 + 12 + i**2 + 9*i + 7. Let s be w(-8). Let k = s - -14. What is the tens digit of k?
1
Let z be 1 - (114/(-1))/2. Let k be (-5)/(-10)*z*-2. Let n = k - -88. What is the units digit of n?
0
What is the tens digit of 0/(-4 + 3) - -437?
3
Let n = -2642 - -4631. What is the units digit of n?
9
Let g(t) = t**3 + 7*t**2 + 5*t - 4. Let y be g(-6). Let q be 1*(y*-2)/(-1). What is the tens digit of (q/(-2))/(4/(-40))?
2
Let r = 0 - -181. Suppose 5*o + 0*o = 5, 0 = -4*l - o + r. Let s = l + -28. What is the tens digit of s?
1
Let p(r) = -152*r - 17. What is the units digit of p(-3)?
9
Suppose -4*g + 3*d + 26 = -3*g, -5*g - 5*d + 110 = 0. Suppose 5*c - 2*l - 3 = 1, 4*c - g = -5*l. What is the tens digit of (c + 33)*(-3)/(-5)?
2
Suppose -3*n + 1927 = 3*l - 3050, 0 = 3*n + l - 4973. What is the units digit of n?
7
Let m(w) be the second derivative of w**4/12 + w**3/3 - w**2/2 + 2*w. Let x be m(3). Suppose 4*p = 3*p + x. What is the tens digit of p?
1
Let q(v) = -v**3 - 11*v**2 + 31*v + 24. Suppose -2*i - 3*a = 31, 3*a + a + 60 = -4*i. What is the tens digit of q(i)?
7
Suppose -4*y + 357 = u, -4*y + 0*u - 3*u = -359. Suppose -y + 9 = -4*w. What is the tens digit of w?
2
Let s(i) = -69*i + 270. What is the hundreds digit of s(-6)?
6
Let n(v) = 22*v**2 - 4*v - 10. What is the thousands digit of n(-9)?
1
Let w(m) = 78*m + 30. What is the tens digit of w(6)?
9
What is the thousands digit of 19228/18 + (-90)/405?
1
Let p(o) = -97*o**3 + o**2 - 7*o - 9. What is the tens digit of p(-2)?
8
Let o = 1230 - 592. What is the hundreds digit of o?
6
Let y be (21/(-9))/((-2)/324). Suppose -8*w + w + y = 0. What is the tens digit of w?
5
Let r = 524 - 23. What is the tens digit of r?
0
Let g(c) = 2*c**2 - 5*c + 34. What is the hundreds digit of g(12)?
2
Suppose 2*f + 2*a - a = 1298, 0 = 5*f - 5*a - 3245. What is the tens digit of f?
4
What is the units digit of (-5460)/(-2) - (-99 + 86)?
3
Suppose 64 = 8*v - 16. Let x(w) = 20*w - 8. What is the units digit of x(v)?
2
Suppose -11 = -2*z - 19. Let m be z/(-7) + 8/(-14). Suppose 0 = -5*x - m*i - i + 147, -66 = -2*x + 2*i. What is the tens digit of x?
3
Let k = -53 - -56. What is the units digit of k/(-1) + (54 - -2)?
3
Suppose -48548 - 22817 = -35*l. What is the hundreds digit of l?
0
Suppose 5*k + 38 = -4*m, -4*k = -0*k + m + 26. What is the units digit of ((-2)/k)/((-21)/(-567))?
9
Suppose h - 81 = 1250. What is the units digit of h?
1
Let o be (50/75)/((-4)/6). What is the units digit of o*1*(-22 + 7)?
5
Suppose 2*u - 3135 = -14*g + 11*g, 2*g = 3*u + 2077. What is the thousands digit of g?
1
Suppose k - 2*k = 14. Let v = 43 + k. What is the units digit of v?
9
Suppose -449 = 97*j - 98*j. What is the hundreds digit of j?
4
Let c(b) = -5*b - 19 - 2*b - 4*b - 5*b. What is the tens digit of c(-8)?
0
Suppose -5*r - 5 = 25. Let a(m) = -5*m**2 + m**3 - 2*m**3 - 13418 + 13427. What is the units digit of a(r)?
5
Let r(y) = y**2 + 18*y + 6. Let s be r(-18). Let p = s + 6. What is the tens digit of p?
1
Suppose 1764 = u + 6*u. What is the tens digit of 2527/9 + 56/u?
8
Let p be 0 - (15/120 + 25/(-8)). Let y(k) = 2*k**2 + 2*k - 6. What is the units digit of y(p)?
8
What is the tens digit of -256*((-21)/(-28) + -2)?
2
Let b(o) = -8*o - 13. Let x be b(-13). Suppose -2*f - x = -9*f. What is the units digit of f?
3
Let q(v) = 0*v**3 + 320*v - 329*v - 10 - 9*v**2 - 2*v**3. What is the tens digit of q(-7)?
9
What is the units digit of 6528/4 + 6/(-1)?
6
Let c(o) = -12*o + 1. Let t be (-4)/2 - ((-1)/1 - -6). What is the tens digit of c(t)?
8
Let u(s) = 169*s - 476. What is the tens digit of u(21)?
7
Let k(w) be the third derivative of -w**3 - w**2 + 0*w + 0 + 1/8*w**4. What is the tens digit of k(9)?
2
Let s = -33 - -12. Let c = s - -40. Let p = -14 + c. What is the units digit of p?
5
Let t(v) = 6*v**2 + 27*v + 1. What is the hundreds digit of t(-15)?
9
Suppose 4*i - j + 7 - 31 = 0, -2 = -2*i - 2*j. Suppose 3*y + 298 = i*w, -y + 0*y = 5*w - 294. What is the tens digit of w?
5
Let w(q) = 1188*q**2 + 8*q - 8. What is the tens digit of w(1)?
8
Let f = -59 + 114. Suppose 0 = -3*z - 2*z + f. Let m = z + -7. What is the units digit of m?
4
Suppose 2*v = -v - 432. Let a = v + 47. Let h = -36 - a. What is the tens digit of h?
6
Let k be 5/(-25) - 1828/10. Let v = 8 + k. What is the units digit of (-2)/(-8) - v/20?
9
Suppose -q = 41*q - 60564. What is the thousands digit of q?
1
Let k(o) = -13*o**3 - 8*o**2 - 13*o - 7. What is the hundreds digit of k(-4)?
7
Let l(d) = d**2 - 7*d - 8. Suppose 2*h + 15 = 7*h, -2*h + 22 = 2*n. Let v be l(n). Suppose 5*t - 10*t + 60 = v. What is the tens digit of t?
1
Suppose -48*z + 52*z = 532. What is the units digit of z?
3
Let w = -11 - -12. Let n be (0 + w)*0 - 3. What is the tens digit of (9 + n)*(-14)/(-4)?
2
Let w(c) = -2*c**3 - 21*c**2 - 136*c - 8. What is the units digit of w(-7)?
1
Suppose 5*q = 2*z + 3450, 4*q - z = 1084 + 1676. What is the units digit of q?
0
Let z(b) be the first derivative of b**5/60 - b**4/4 + 4*b**3/3 + 9*b**2/2 + 9. Let g(t) be the second derivative of z(t). What is the units digit of g(6)?
8
Let i = 2 - -3. What is the units digit of i?
5
What is the hundreds digit of (-1 - -535)*(25/(-5))/(-5)?
5
Let b = 221 - 108. Suppose p - 4*s - 84 = 0, -5*p - 4*s = -420 + 72. Suppose -2*r + 5*n = -p, 3*r - 6*n + n - b = 0. What is the units digit of r?
1
Let o(t) = 2*t - 26. Let k be o(12). Let l(y) = 71*y**2 + 10*y + 2. What is the units digit of l(k)?
6
Let q be (2/5)/((-8)/(-40)). Suppose -45 + 115 = q*h. What is the units digit of h?
5
Let n(a) = 6*a + 1 - 6 + a**3 - 5*a**2 + 12*a**2. Let y be n(-5). What is the tens digit of (-134)/(-3) - 10/y?
4
Let s(u) = u**2 - 8*u + 19. What is the units digit of s(4)?
3
Suppose 5*c = -2*u + 11, 4*u + 2*c + 11 = 25. Let m(w) = 3*w - 2 - 1 + 3*w. What is the units digit of m(u)?
5
Let j(o) = -182*o - 143. What is the hundreds digit of j(-3)?
4
Suppose c = -d + 6, -5*d + 0 - 51 = -4*c. Suppose 0 = -4*a + c*a - 90. What is the units digit of 86/12 - 3/a?
7